{"id":78,"date":"2017-12-12T11:24:21","date_gmt":"2017-12-12T15:24:21","guid":{"rendered":"http:\/\/ayuntamiento.guineo\/transparencia\/?page_id=78"},"modified":"2022-05-11T11:33:01","modified_gmt":"2022-05-11T15:33:01","slug":"definicion-oaim-oficina-de-acceso-a-la-informacion-municipal","status":"publish","type":"page","link":"https:\/\/ayuntamientoimbert.gob.do\/transparencia\/definicion-oaim-oficina-de-acceso-a-la-informacion-municipal\/","title":{"rendered":"Definici\u00f3n OAIM (Oficina de Acceso a la Informaci\u00f3n Municipal)"},"content":{"rendered":"<p>La Ley No. 200-04 de Libre Acceso a la Informaci\u00f3n P\u00fablica, establece como un deber del Estado \u201cbrindar la informaci\u00f3n que esta ley [200-04] establece con car\u00e1cter obligatorio y de disponibilidad y actualizaci\u00f3n permanente y las informaciones que fueran requeridas en forma especial por los interesados\u201d.<\/p>\n<h3><strong>Visi\u00f3n<\/strong><\/h3>\n<p>Servir de apoyo al ejercicio de una administraci\u00f3n p\u00fablica m\u00e1s eficiente y plausible, de manera que el ciudadano pueda conocer y evaluar las actividades realizadas por la instituci\u00f3n.<\/p>\n<h3><strong>Misi\u00f3n<\/strong><\/h3>\n<p>Permitir a la ciudadan\u00eda el ejercicio de su derecho de acceso a la informaci\u00f3n, manteniendo los valores de honestidad, integridad, probidad y eficacia.<\/p>\n<p><strong>Definici\u00f3n RAI<\/strong><\/p>\n<p>El Encargado de Acceso a la Informaci\u00f3n, es el responsable de recolectar, sistematizar y difundir las informaciones requeridas, y ser el canal de comunicaci\u00f3n entre la instituci\u00f3n, ciudadanos y ciudadanas.<\/p>\n<p><strong>Responsabilidad del RAI\u00a0<\/strong><\/p>\n<ul>\n<li>Recibir y tramitar las solicitudes de libre acceso a la informaci\u00f3n.<\/li>\n<li>Ayudar al ciudadano en el llenado del formulario.<\/li>\n<li>Entrega de acuse de recibo al solicitante.<\/li>\n<li>Informar y orientar a los solicitantes al respeto de otras instituciones u organismos que pudieran tener la respuesta a la informaci\u00f3n solicitada.<\/li>\n<li>Realizar los tr\u00e1mites necesarios, dentro de la instituci\u00f3n para entregar informaci\u00f3n con eficiencia, veraz y oportuna.<\/li>\n<li>Efectuar las notificaciones a los solicitantes.<\/li>\n<li>Llevar un archivo de las solicitudes de acceso a la informaci\u00f3n, sus antecedentes y tramitaci\u00f3n, resultados y costos.<\/li>\n<li>Elaborar estad\u00edsticas y balances de gesti\u00f3n de su \u00e1rea en materia de acceso a la informaci\u00f3n.<\/li>\n<li>Poner a disposici\u00f3n de la ciudadan\u00eda tanto como en el portal de la instituci\u00f3n, como en el mural del ayuntamiento.<\/li>\n<\/ul>\n","protected":false},"excerpt":{"rendered":"La Ley No. 200-04 de Libre Acceso a la Informaci\u00f3n P\u00fablica, establece como un deber del Estado \u201cbrindar la informaci\u00f3n que esta ley [200-04] establece con car\u00e1cter obligatorio y de disponibilidad y actualizaci\u00f3n permanente y las informaciones que fueran requeridas en forma especial por los interesados\u201d. Visi\u00f3n Servir de apoyo al ejercicio de una administraci\u00f3n&#8230;","protected":false},"author":3,"featured_media":0,"parent":0,"menu_order":0,"comment_status":"closed","ping_status":"closed","template":"","meta":[],"acf":[],"_links":{"self":[{"href":"https:\/\/ayuntamientoimbert.gob.do\/transparencia\/wp-json\/wp\/v2\/pages\/78"}],"collection":[{"href":"https:\/\/ayuntamientoimbert.gob.do\/transparencia\/wp-json\/wp\/v2\/pages"}],"about":[{"href":"https:\/\/ayuntamientoimbert.gob.do\/transparencia\/wp-json\/wp\/v2\/types\/page"}],"author":[{"embeddable":true,"href":"https:\/\/ayuntamientoimbert.gob.do\/transparencia\/wp-json\/wp\/v2\/users\/3"}],"replies":[{"embeddable":true,"href":"https:\/\/ayuntamientoimbert.gob.do\/transparencia\/wp-json\/wp\/v2\/comments?post=78"}],"version-history":[{"count":9,"href":"https:\/\/ayuntamientoimbert.gob.do\/transparencia\/wp-json\/wp\/v2\/pages\/78\/revisions"}],"predecessor-version":[{"id":740,"href":"https:\/\/ayuntamientoimbert.gob.do\/transparencia\/wp-json\/wp\/v2\/pages\/78\/revisions\/740"}],"wp:attachment":[{"href":"https:\/\/ayuntamientoimbert.gob.do\/transparencia\/wp-json\/wp\/v2\/media?parent=78"}],"curies":[{"name":"wp","href":"https:\/\/api.w.org\/{rel}","templated":true}]}}